NOAA-Style Climate Reports

Select a Year or Month report
2022: jan fév mar avr mai jui jui aoû sep oct nov déc

Report for 2022 mai
                   Monthly Climatological Summary for mai 2022

Name: Vieux Boucau France   City: Vieux Boucau   State: France
Elevation: 3 m  Lat: N 43° 47' 08"   Lon: W 001° 24' 02"

                  Temperature (°C), Rain (mm), Wind Speed (km/h)

                                      Heat  Cool        Avg
    Mean                              Deg   Deg         Wind                 Dom
Day Temp  High   Time   Low    Time   Days  Days  Rain  Speed High   Time    Dir
----------------------------------------------------------------------------------
01  15,0  19,4   16:24  11,5   00:08   3,3   0,1   0,0   1,0  13,0   18:48   WNW
02  14,5  18,5   13:36  11,7   03:46   3,8   0,0   0,0   0,9  10,0   10:30   WNW
03  16,4  20,9   16:09  14,0   00:21   2,3   0,4   0,0   1,4  15,0   14:49   WNW
04  16,4  20,7   15:18  14,4   03:55   1,9   0,3   0,0   1,3  15,0   14:42   WNW
05  18,1  21,2   16:20   0,0   09:35   0,7   0,5   0,0   3,7  21,0   17:23   WNW
06  14,1  19,7   14:21   8,2   04:47   4,3   0,1   0,0   2,8  17,0   15:12   WNW
07  16,7  21,5   16:40  12,4   01:10   2,2   0,5   0,0   2,1  17,0   15:30   WNW
08  16,0  21,6   15:53  10,1   04:33   2,9   0,6   0,0   1,5  14,0   14:06   WNW
09  17,2  25,0   15:49   9,5   06:21   3,1   2,1   0,0   1,6  11,0   17:36    NW
10  16,6  25,2   11:22  10,3   06:49   2,8   1,1   0,0   1,2  16,0   12:59   WNW
11  17,2  21,2   15:56  15,1   06:26   1,5   0,4   0,0   1,6  17,0   20:19   WNW
12  17,9  22,7   14:08  14,9   05:10   1,3   1,0   0,0   1,2  12,0   15:21   NNW
13  18,7  25,8   17:10  14,9   01:37   1,4   1,8   0,0   1,4  14,0   17:41   NNW
14  18,7  26,3   12:36  10,6   06:34   2,5   2,9   8,4   1,4  28,0   19:03   ENE
15  19,5  25,5   12:32  15,8   03:38   0,8   2,1   4,3   1,3  19,0   09:28    NE
16  21,2  26,2   12:11  15,6   04:28   0,6   3,6   0,0   0,8  10,0   16:43   WNW
17  22,6  27,1   11:52  16,6   07:23   0,2   4,4   0,0   1,7  13,0   13:10    NW
18  20,1  26,7   11:58  14,3   07:07   0,6   1,8   0,0   1,8  15,0   13:44     E
19  25,3  35,5   18:56   0,0   16:07   0,0   1,7   0,0   1,0  13,0   19:08     E
20  21,1  27,5   17:46  16,8   23:50   0,1   2,9   0,0   1,4  17,0   11:39   WNW
21  22,5  30,9   17:30  16,7   00:25   0,3   4,5   0,0   0,7  14,0   12:59   NNE
22  22,9  33,1   15:17  18,7   06:31   0,0   4,6   0,0   1,5  14,0   14:11   WSW
23  18,8  22,4   15:18  15,1   23:08   0,5   1,0   5,3   3,3  24,0   06:12     W
24  17,1  20,7   15:37  13,9   06:26   1,5   0,3   0,0   3,2  18,0   19:07   WNW
25  17,0  23,1   16:28  12,2   07:28   2,3   1,1   4,1   2,2  18,0   15:37   WNW
26  16,8  23,8   17:16  11,0   06:11   2,5   1,0   2,3   1,4  15,0   19:32   NNW
27  18,8  24,8   15:47  13,6   06:36   1,3   1,9   0,0   3,0  21,0   17:57   NNW
----------------------------------------------------------------------------------
    18,4  35,5    19     0,0     5    44,7  42,7  24,4   1,7  28,0    14      NW

Max >=  27,0  5
Max <=   0,0  0
Min <=   0,0  2
Min <= -18,0  0
Max Rain: 8,4 on day 14
Days of Rain: 5 (>= 0,2 mm)  5 (>= 2,0 mm)  0 (>= 20,0 mm)
Heat Base: 18,3  Cool Base: 18,3  Method: Integration